?
51
What is the remainder when 23791 is divided by 27?
4
Calculate the remainder when 9818 is divided by 1411.
1352
Calculate the remainder when 547 is divided by 531.
16
Calculate the remainder when 2456 is divided by 535.
316
What is the remainder when 7058 is divided by 54?
38
Calculate the remainder when 15939 is divided by 17.
10
What is the remainder when 40808 is divided by 38?
34
Calculate the remainder when 260409 is divided by 25.
9
Calculate the remainder when 243240 is divided by 39.
36
What is the remainder when 148971 is divided by 467?
465
Calculate the remainder when 11957 is divided by 703.
6
What is the remainder when 59653 is divided by 123?
121
Calculate the remainder when 199749 is divided by 85.
84
Calculate the remainder when 7412 is divided by 62.
34
What is the remainder when 62738 is divided by 88?
82
Calculate the remainder when 291355 is divided by 297.
295
What is the remainder when 908 is divided by 883?
25
Calculate the remainder when 22659 is divided by 5661.
15
What is the remainder when 13206 is divided by 152?
134
Calculate the remainder when 619 is divided by 126.
115
Calculate the remainder when 38412 is divided by 242.
176
What is the remainder when 155479 is divided by 13?
12
What is the remainder when 3756 is divided by 624?
12
What is the remainder when 194818 is divided by 176?
162
Calculate the remainder when 576 is divided by 205.
166
Calculate the remainder when 1520 is divided by 15.
5
What is the remainder when 23094 is divided by 5?
4
Calculate the remainder when 72438 is divided by 337.
320
What is the remainder when 1148 is divided by 20?
8
Calculate the remainder when 1079 is divided by 205.
54
Calculate the remainder when 2674 is divided by 559.
438
What is the remainder when 1614 is divided by 9?
3
Calculate the remainder when 7348 is divided by 7305.
43
Calculate the remainder when 10557 is divided by 80.
77
Calculate the remainder when 67579 is divided by 9.
7
What is the remainder when 19812 is divided by 6578?
78
Calculate the remainder when 169515 is divided by 28239.
81
Calculate the remainder when 99397 is divided by 5231.
8
Calculate the remainder when 1422 is divided by 300.
222
Calculate the remainder when 26876 is divided by 217.
185
What is the remainder when 1718 is divided by 397?
130
Calculate the remainder when 7131 is divided by 771.
192
Calculate the remainder when 17215 is divided by 150.
115
Calculate the remainder when 1117670 is divided by 279.
275
Calculate the remainder when 767 is divided by 47.
15
Calculate the remainder when 830581 is divided by 403.
401
What is the remainder when 54424 is divided by 2715?
124
Calculate the remainder when 1087468 is divided by 30.
28
What is the remainder when 5475 is divided by 196?
183
What is the remainder when 79839 is divided by 166?
159
What is the remainder when 2917 is divided by 215?
122
Calculate the remainder when 516080 is divided by 34.
28
What is the remainder when 3452 is divided by 1044?
320
What is the remainder when 1109 is divided by 105?
59
Calculate the remainder when 1241 is divided by 309.
5
Calculate the remainder when 4924 is divided by 141.
130
Calculate the remainder when 18782 is divided by 1540.
302
Calculate the remainder when 27117 is divided by 41.
16
Calculate the remainder when 9450 is divided by 4722.
6
Calculate the remainder when 961 is divided by 701.
260
What is the remainder when 9602 is divided by 4795?
12
Calculate the remainder when 3274 is divided by 293.
51
Calculate the remainder when 16987 is divided by 5648.
43
What is the remainder when 8118 is divided by 2022?
30
Calculate the remainder when 821519 is divided by 80.
79
What is the remainder when 14279 is divided by 506?
111
What is the remainder when 543 is divided by 101?
38
What is the remainder when 1438 is divided by 707?
24
What is the remainder when 137024 is divided by 11?
8
What is the remainder when 2720074 is divided by 166?
164
Calculate the remainder when 397857 is divided by 110.
97
Calculate the remainder when 16186 is divided by 437.
17
Calculate the remainder when 13536 is divided by 6499.
538
Calculate the remainder when 643 is divided by 110.
93
What is the remainder when 13058 is divided by 132?
122
What is the remainder when 858941 is divided by 502?
19
What is the remainder when 186303 is divided by 3212?
7
What is the remainder when 56534 is divided by 11296?
54
Calculate the remainder when 1359 is divided by 175.
134
What is the remainder when 78804 is divided by 6061?
11
Calculate the remainder when 273981 is divided by 1038.
987
Calculate the remainder when 2364 is divided by 1105.
154
Calculate the remainder when 462 is divided by 311.
151
Calculate the remainder when 3001 is divided by 249.
13
What is the remainder when 1304578 is divided by 68?
66
Calculate the remainder when 2541 is divided by 102.
93
What is the remainder when 4027 is divided by 212?
211
Calculate the remainder when 132452 is divided by 1505.
12
What is the remainder when 5068 is divided by 400?
268
Calculate the remainder when 36144 is divided by 75.
69
What is the remainder when 518416 is divided by 460?
456
Calculate the remainder when 79243 is divided by 13.
8
Calculate the remainder when 25707 is divided by 586.
509
Calculate the remainder when 1838968 is divided by 439.
436
What is the remainder when 17912 is divided by 230?
202
What is the remainder when 15356 is divided by 2532?
164
What is the remainder when 691 is divided by 265?
161
Calculate the remainder when 70336 is divided by 51.
7
What is the remainder when 235205 is divided by 147?
5
Calculate the remainder when 10608 is divided by 207.
51
Calculate the remainder when 231462 is divided by 115730.
2
What is the remainder when 17509 is divided by 17467?
42
What is the remainder when 4342 is divided by 767?
507
What is the remainder when 4160 is divided by 50?
10
What is the remainder when 76968 is divided by 19?
18
What is the remainder when 132434 is divided by 6970?
4
Calculate the remainder when 24678 is divided by 93.
33
What is the remainder when 4764 is divided by 1159?
128
What is the remainder when 1754 is divided by 572?
38
What is the remainder when 587850 is divided by 67?
59
What is the remainder when 5279999 is divided by 469?
466
Calculate the remainder when 10669 is divided by 2621.
185
What is the remainder when 72032 is divided by 400?
32
What is the remainder when 351594 is divided by 433?
431
Calculate the remainder when 1036 is divided by 465.
106
Calculate the remainder when 15576 is divided by 363.
330
Calculate the remainder when 6752 is divided by 147.
137
What is the remainder when 3373 is divided by 416?
45
Calculate the remainder when 40977 is divided by 1.
0
Calculate the remainder when 26061 is divided by 36.
33
Calculate the remainder when 183508 is divided by 34.
10
Calculate the remainder when 165 is divided by 149.
16
What is the remainder when 2795615 is divided by 32?
31
What is the remainder when 942 is divided by 26?
6
What is the remainder when 27505 is divided by 62?
39
What is the remainder when 21567 is divided by 1657?
26
What is the remainder when 1180543 is divided by 54?
49
Calculate the remainder when 182615 is divided by 60870.
5
Calculate the remainder when 712 is divided by 575.
137
Calculate the remainder when 9388 is divided by 314.
282
Calculate the remainder when 29016 is divided by 7158.
384
What is the remainder when 7852 is divided by 491?
487
What is the remainder when 3688 is divided by 3461?
227
What is the remainder when 44105 is divided by 43971?
134
Calculate the remainder when 508263 is divided by 566.
561
Calculate the remainder when 1898 is divided by 292.
146
Calculate the remainder when 47747 is divided by 222.
17
What is the remainder when 11491 is divided by 2871?
7
What is the remainder when 888006 is divided by 5920?
6
What is the remainder when 998 is divided by 307?
77
What is the remainder when 35371 is divided by 17653?
65
Calculate the remainder when 68015 is divided by 2053.
266
Calculate the remainder when 4909 is divided by 129.
7
Calculate the remainder when 1681 is divided by 191.
153
What is the remainder when 261884 is divided by 74?
72
Calculate the remainder when 1497606 is divided